8. Determine u(22).
6
Let m(l) = 89*l - 3. Give m(-1).
-92
Let a(y) = y**3 - 9*y**2 - 12*y + 15. Determine a(10).
-5
Let t(i) = -i**2 - 10*i + 331. Calculate t(-24).
-5
Let i(t) = -t - 3. What is i(5)?
-8
Let s(r) = r**2 - 5*r - 1. What is s(4)?
-5
Let f(g) = 3*g - 6. Calculate f(6).
12
Let c(d) = -d - 26. What is c(-15)?
-11
Let j(i) = i**2 - 3*i - 243. Give j(17).
-5
Let h(p) = -p**3 - 10*p**2 + 9*p - 12. Determine h(-11).
10
Let z(w) = 17*w - 7. What is z(3)?
44
Let u(t) = -t**3 - 7*t**2 + 31*t + 1. What is u(-10)?
-9
Let p(f) = f**3 + f - 19. Calculate p(0).
-19
Let l(r) = 4*r - 29. What is l(5)?
-9
Let c(b) = -7*b**2 + 3*b + 4. Give c(-3).
-68
Let w(z) = -5*z - 34. What is w(-5)?
-9
Let o(a) = -a**3 + 8*a**2 - 7*a + 1. What is o(7)?
1
Let p(u) = 3*u - 6. Calculate p(7).
15
Let p(v) = -17*v**2 + 42*v - 2. Calculate p(3).
-29
Let d(c) = -10*c - 2. Give d(-1).
8
Let m(j) = -j**2 + 9*j - 11. Calculate m(9).
-11
Let c(d) = -5*d**2 - 7*d + 20. Give c(3).
-46
Let g(a) = -a**2 + 9*a - 16. Determine g(8).
-8
Let m(f) = 3*f**2 + 79*f + 20. Determine m(-26).
-6
Let r(v) = -5*v - 34. What is r(-7)?
1
Let g(h) = 5*h**3 + 1. Determine g(-1).
-4
Let q(r) = r**3 + 23*r**2 + 30*r - 54. Calculate q(-22).
-230
Let x(o) = o**2 + o - 84. What is x(8)?
-12
Let w(o) = -8*o + 9. Calculate w(5).
-31
Let b(d) = -2*d**2 + 2*d + 1. Give b(2).
-3
Let v(q) = -q**3 - 10*q**2 - 16*q + 2. Calculate v(-8).
2
Let g(c) = 6*c + 4. Give g(-4).
-20
Let u(v) = 2*v - 17. Give u(11).
5
Let m(z) = -3*z + 68. Determine m(25).
-7
Let n(b) = -b**3 + 7*b**2 + 8*b + 5. Give n(8).
5
Let i(f) = -11*f + 136. What is i(10)?
26
Let j(x) = -22*x**3 + x**2. Give j(1).
-21
Let q(s) = s**3 - 10*s**2 + 6*s + 7. Give q(8).
-73
Let h(r) = -8*r + 2. What is h(-6)?
50
Let z(i) = i**2 - 19*i - 25. What is z(20)?
-5
Let x(j) = -j**3 + 5*j**2 - 5. Determine x(3).
13
Let u(g) = -43*g + 170. Determine u(4).
-2
Let r(o) = -o**3 - 3*o**2 + o + 11. Give r(-2).
5
Let i(q) = -q**2 - 17*q + 488. Calculate i(-32).
8
Let f(w) = w**3 + 8*w**2 + 4*w - 6. What is f(-7)?
15
Let l(n) = -n**2 + 12*n - 12. What is l(10)?
8
Let s(g) = -16*g - 3. Calculate s(4).
-67
Let g(s) = -s + 21. Give g(8).
13
Let i(y) = -6*y - 18. What is i(-4)?
6
Let n(o) = -o**2 - 9*o - 8. Give n(-6).
10
Let w(u) = -u**2 - u + 21. Give w(-7).
-21
Let y(b) = -2*b + 3. What is y(2)?
-1
Let z(r) = r**3 - 2*r**2 - 3*r - 1. Calculate z(-4).
-85
Let h(y) = y**3 - 7*y**2 + 6*y - 5. Calculate h(3).
-23
Let c(g) = -4*g**2 - 13*g + 74. What is c(-6)?
8
Let t(r) = 6*r**2 + 11*r + 3. Give t(-3).
24
Let x(j) = -17*j + 153. Determine x(7).
34
Let f(n) = 14*n - 81. Calculate f(6).
3
Let t(a) = -49*a + 383. Calculate t(8).
-9
Let k(u) = -4*u - 77. Give k(-15).
-17
Let x(p) = p**3 - 9*p**2 + 4*p + 11. Determine x(9).
47
Let l(v) = 4*v - 3. Calculate l(-1).
-7
Let l(u) = -u - 22. Calculate l(-10).
-12
Let w(g) = -g**3 + 2*g**2 + 2*g - 4. What is w(3)?
-7
Let x(i) = -25*i**2 - 6*i - 4. What is x(-1)?
-23
Let h(w) = 10*w + 300. Calculate h(-27).
30
Let v(q) = -6*q**3 - 2*q**2 - 3*q - 2. What is v(-1)?
5
Let n(z) = z**2 - 23*z + 19. Calculate n(22).
-3
Let k(r) = r**2 - 5. Determine k(4).
11
Let k(c) = -8*c**2 - 58*c + 52. Determine k(-8).
4
Let r(g) = -g**3 + 2*g**2 + 6. Determine r(3).
-3
Let k(m) = -38*m + 419. Determine k(11).
1
Let w(n) = -n**3 + 4*n**2 + 2*n + 2. Give w(5).
-13
Let m(x) = x**3 + 7*x**2 - 2*x - 17. Calculate m(-7).
-3
Let c(o) = o - 4. Calculate c(9).
5
Let w(s) = s**3 - 6*s**2 - 40*s. What is w(10)?
0
Let b(x) = x**3 - 12*x**2 + 30*x + 6. Determine b(9).
33
Let f(d) = -d + 29. Give f(13).
16
Let z(n) = 10*n + 83. Give z(10).
183
Let n(m) = -11*m - 72. Determine n(-8).
16
Let d(t) = -2*t - 84. What is d(-41)?
-2
Let w(c) = -5*c**2 - 31*c + 27. What is w(-7)?
-1
Let j(r) = r**2 + 19*r - 55. Calculate j(-22).
11
Let r(b) = 2*b + 19. Give r(-13).
-7
Let g(i) = -i**2 - 6*i + 20. Determine g(2).
4
Let b(j) = -j - 13. Give b(-10).
-3
Let y(r) = 11*r + 88. What is y(-8)?
0
Let d(b) = 4*b + 3. Determine d(3).
15
Let g(l) = -l**2 + 9*l - 4. Determine g(13).
-56
Let o(a) = -a**2 + a + 7. Give o(-4).
-13
Let o(g) = -g**2 + 22*g + 14. Give o(23).
-9
Let b(v) = 19*v - 102. What is b(6)?
12
Let l(b) = b**3 + 23*b**2 + 23*b + 33. Determine l(-22).
11
Let z(f) = -15*f**3 - f**2 + 3*f + 5. Give z(-1).
16
Let x(g) = 48*g + 7. Calculate x(-1).
-41
Let y(s) = s**2 + 25*s - 33. What is y(-28)?
51
Let k(f) = f**2 - 8*f + 12. Calculate k(9).
21
Let y(i) = -i**3 + 3*i**2 + 2*i - 9. What is y(0)?
-9
Let t(w) = -w**2 + 4*w + 26. Determine t(8).
-6
Let o(l) = l - 4. Give o(8).
4
Let l(q) = 2*q**3 + 8*q - 13. Determine l(2).
19
Let v(i) = 2*i**3 - 19*i**2 + 11*i + 4. Give v(9).
22
Let u(i) = -i**3 + 7*i**2 - 11*i + 7. What is u(5)?
2
Let o(w) = 3*w - 35. What is o(0)?
-35
Let r(y) = y**2 + 7*y + 12. Determine r(-6).
6
Let n(t) = t - 24. Calculate n(8).
-16
Let x(a) = 14*a - 7. What is x(0)?
-7
Let y(p) = p - 4. What is y(-6)?
-10
Let l(p) = p**2 - 6*p + 3. What is l(5)?
-2
Let v(l) = 2*l**3 - 8*l**2 - 4. What is v(4)?
-4
Let w(z) = -3*z. What is w(-6)?
18
Let m(i) = -63*i + 631. Determine m(10).
1
Let s(u) = -u**2 + 13*u - 11. Give s(12).
1
Let p(b) = -5*b**2 + 51*b - 106. Determine p(7).
6
Let c(d) = d**3 + 7*d**2 - 5*d - 17. What is c(-7)?
18
Let x(p) = p**2 + 8*p - 129. Calculate x(-16).
-1
Let a(v) = 2*v**3 + v**2 - 2*v + 2. Give a(2).
18
Let y(j) = 2*j**2 - 26*j + 49. Calculate y(3).
-11
Let u(g) = -g**3 + g**2 - 33. Determine u(0).
-33
Let l(y) = 3*y + 6. Give l(-7).
-15
Let g(j) = 2*j + 4. What is g(-15)?
-26
Let l(f) = f**2 - 23*f + 44. Give l(19).
-32
Let r(d) = -2*d**3 + 35*d**2 + 20*d - 41. Determine r(18).
-5
Let y(f) = -f**3 + 4*f**2 - 3*f. What is y(2)?
2
Let l(o) = -o**2 - 10*o + 301. Give l(13).
2
Let o(h) = 2*h + 9. Give o(10).
29
Let t(d) = d**3 - 2*d**2 - 7. Determine t(3).
2
Let o(m) = -m - 6. Give o(3).
-9
Let s(p) = p**3 + 2*p**2 - 2*p - 2. Calculate s(-3).
-5
Let a(g) = -2*g**2 + 31*g - 22. Calculate a(15).
-7
Let h(u) = u**2 + 4*u + 5. Calculate h(-4).
5
Let v(m) = -2*m**2 + 32*m + 64. Determine v(19).
-50
Let t(u) = 20*u**2 - 1. Give t(1).
19
Let t(g) = g**3 - g + 13. What is t(0)?
13
Let o(z) = -z**3 + 7*z**2 + 3*z - 2. Determine o(5).
63
Let h(o) = 21*o + 49. Determine h(-8).
-119
Let h(n) = 14*n + 1. What is h(-1)?
-13
Let f(r) = -7*r**3 + 3*r - 2. Determine f(1).
-6
Let c(h) = -h**2 - 8*h - 6. Give c(-6).
6
Let g(l) = -l**3 - 6*l**2 - 3*l - 2. Give g(-6).
16
Let a(w) = -w**3 + 46*w**2 - 86*w - 92. What is a(44)?
-4
Let i(x) = x**2 - 8*x - 6. What is i(7)?
-13
Let x(f) = f**3 - f**2 - f + 5. Calculate x(0).
5
Let q(f) = f**2 + 9*f + 4. Calculate q(-5).
-16
Let k(j) = -3*j**2 - 42*j - 24. Give k(-13).
15
Let j(y) = -y**3 + y**2 - y - 1. What is j(2)?
-7
Let r(l) = -l**2 - l + 1. What is r(8)?
-71
Let w(d) = d**3 - 5*d**2 + 3*d + 1. Calculate w(5).
16
Let c(d) = -14*d - 18. What is c(-12)?
150
Let r(t) = -37*t - 10. Calculate r(-1).
27
Let t(z) = z**3 - 13*z**2 - 32*z + 7. What is t(15)?
-23
Let j(p) = -p - 7. Calculate j(-6).
-1
Let l(c) = -54*c**3 - 2*c**2 + 1. Calculate l(1).
-55
Let q(k) = k**2 + 27*k - 204. Determine q(-33).
-6
Let j(w) = -w**3 - 6*w - 6. Give j(-1).
1
Let o(u) = -2*u**2 + u - 21. What is o(0)?
-21
Let d(t) = t - 3. Calculate d(9).
6
Let f(s) = -2*s + 104. What is f(57)?
-10
Let k(q) = 3*q**2 - 8*q + 1. What is k(5)?
36
Let i(h) = -9*h**2 + 6*h + 6. Calculate i(-1).
-9
Let q(n) = n + 3. Give q(-19).
-16
Let k(x) = x**2 - 16*x + 34. Determine k(2).
6
Let n(t) = 2*t - 4. Determine n(-5).
-14
Let n(h) = -h**3 + 24*h**2 - 11. What is n(24)?
-11
Let b(i) = 4*i + 21. What is b(-7)?
-7
Let z(w) = w**3 + 11*w**2 - 12*w + 9. What is z(-12)?
9
Let z(t) = -t**2 - 12*t - 15. Determine z(-3).
12
Let o(k) = k - 9. What is o(4)?
-5
Let q(j) = -j**3 - 15*j**2 - 16*j - 1. Give q(-14).
27
Let s(x) = -3*x - 11. Calculate s(12).
-47
Let x(u) = -u**3 - 9*u**2 - 6*u + 5. Give x(-8).
-11
Let b(u) = u**3 - 25*u**2 - 3*u + 69. What is b(25)?
-6
Let y(m) = 18*m + 67. What is y(-4)?
-5
Let s(o) = -o**2 - o + 8. Calculate s(-4).
-4
Let z(y) = -5*y + 84. Determine z(28).
-56
Let h(f) = f**2 - 4*f - 19. Determine h(8).
13
Let c(o) = -o**2 + 9*o + 6. Determine c(10).
-4
Let v(i) = -i**3 - 7*i**2 - 3*i + 9. What is v(-7)?
30
Let l(r) = r**3 + 10*r**2 